?
False
Is 119554843 a composite number?
False
Is 16957607 prime?
True
Is 1668857 a prime number?
False
Is 420521 a composite number?
False
Is 43657366 a prime number?
False
Is 134399 composite?
False
Is 449780987 a composite number?
False
Is 44811667 prime?
True
Is 2675233 prime?
False
Is 13509337 prime?
True
Is 431333297 a composite number?
False
Is 8698621 composite?
False
Is 5385409 a prime number?
True
Is 44581195 composite?
True
Is 2121941 a composite number?
False
Is 18234295 a composite number?
True
Is 402991 a prime number?
True
Is 246955897 a prime number?
True
Is 46354459 prime?
True
Is 4175103 a prime number?
False
Is 3491 prime?
True
Is 11210369 a composite number?
False
Is 46450387 prime?
True
Is 128453527 a composite number?
False
Is 42381505 prime?
False
Is 1864979 composite?
False
Is 33846697 a prime number?
True
Is 1364161 prime?
True
Is 2822707 prime?
True
Is 66532423 composite?
True
Is 12704297 a prime number?
True
Is 1092307 prime?
True
Is 16257673 composite?
True
Is 113051581 a prime number?
False
Is 1821251 composite?
True
Is 179258413 prime?
True
Is 45122261 a prime number?
False
Is 476746777 composite?
True
Is 19088449 a prime number?
True
Is 2595633 composite?
True
Is 30834619 a prime number?
False
Is 1679077 a prime number?
True
Is 6061973 a composite number?
True
Is 4661609 a composite number?
False
Is 7859419 prime?
True
Is 352315781 composite?
False
Is 40676381 a prime number?
False
Is 2208929 a prime number?
False
Is 2118541 a prime number?
True
Is 9067951 composite?
True
Is 7225982 a prime number?
False
Is 22975969 composite?
False
Is 95269 composite?
True
Is 43905013 composite?
True
Is 492161 a composite number?
True
Is 3438979 prime?
True
Is 55225901 prime?
True
Is 9273659 prime?
True
Is 733763 prime?
False
Is 136465295 a composite number?
True
Is 741239377 prime?
False
Is 7491043 composite?
True
Is 71456807 a composite number?
False
Is 232497673 prime?
False
Is 4282973 a prime number?
True
Is 166214923 prime?
False
Is 223867079 prime?
False
Is 27161557 composite?
True
Is 96184969 a prime number?
False
Is 17362934 composite?
True
Is 40807447 prime?
False
Is 318936391 composite?
True
Is 26203367 prime?
True
Is 98245253 a prime number?
False
Is 24246289 prime?
False
Is 142977629 composite?
True
Is 61813543 a prime number?
False
Is 10075763 a prime number?
True
Is 157912529 a prime number?
True
Is 197284799 prime?
True
Is 4185539 a prime number?
False
Is 2011399 composite?
True
Is 13903133 a composite number?
True
Is 470297 composite?
False
Is 4468817 a composite number?
False
Is 101668565 composite?
True
Is 3161927 prime?
False
Is 53006861 a composite number?
True
Is 155996473 a prime number?
False
Is 20032193 composite?
False
Is 6928087 prime?
False
Is 24431389 composite?
False
Is 24985577 prime?
True
Is 252449297 a composite number?
False
Is 143655509 composite?
False
Is 9759053 a prime number?
False
Is 1461173 a composite number?
True
Is 20627081 prime?
True
Is 1637851 a prime number?
True
Is 73640951 prime?
True
Is 2452265 a prime number?
False
Is 10704739 a prime number?
True
Is 864983263 composite?
True
Is 315277 composite?
True
Is 2995487 prime?
False
Is 216877 a prime number?
True
Is 915839 composite?
False
Is 83868231 a composite number?
True
Is 4880833 composite?
True
Is 34976657 prime?
True
Is 2299463 a composite number?
False
Is 5182493 a prime number?
False
Is 58534415 prime?
False
Is 2415997 a composite number?
False
Is 5642947 composite?
False
Is 266952571 composite?
True
Is 20055821 prime?
True
Is 193758245 a prime number?
False
Is 2247715 prime?
False
Is 207671 prime?
True
Is 32719039 composite?
True
Is 8400967 composite?
False
Is 70804439 a composite number?
True
Is 51954671 prime?
False
Is 161597 prime?
False
Is 470201 prime?
True
Is 7759967 composite?
True
Is 5510693 prime?
True
Is 3263077 prime?
True
Is 63515861 composite?
False
Is 75657671 a prime number?
False
Is 12121883 prime?
True
Is 2607887 composite?
True
Is 562412299 composite?
False
Is 140115653 a composite number?
False
Is 2172719 a prime number?
False
Is 15981107 composite?
True
Is 542052811 a composite number?
False
Is 1707707 prime?
True
Is 60782999 prime?
False
Is 16602767 a prime number?
True
Is 422627 prime?
True
Is 80284003 prime?
True
Is 66160298 prime?
False
Is 79072397 prime?
True
Is 4944817 a prime number?
True
Is 75289147 a composite number?
False
Is 13679177 composite?
False
Is 2885837 composite?
False
Is 4593841 a prime number?
False
Is 784026401 a prime number?
True
Is 445729 a prime number?
False
Is 214703207 prime?
False
Is 32507297 a prime number?
False
Is 5440457 a prime number?
False
Is 968119 a prime number?
False
Is 2555383 a composite number?
True
Is 3834287 composite?
False
Is 46675091 composite?
True
Is 169628579 a prime number?
True
Is 1947359 a prime number?
True
Is 13709479 prime?
False
Is 2120563 a prime number?
False
Is 1896439 a prime number?
False
Is 24605369 a composite number?
True
Is 127563537 a composite number?
True
Is 5482039 a composite number?
False
Is 13207687 composite?
False
Is 3292411 a composite number?
False
Is 35423377 composite?
True
Is 757445107 a composite number?
False
Is 5985841 a composite number?
False
Is 1650827 a prime number?
False
Is 97614431 prime?
True
Is 61913867 prime?
True
Is 66487723 a prime number?
False
Is 221208121 prime?
True
Is 6992119 a prime number?
True
Is 25501197 a composite number?
True
Is 36827785 a composite number?
True
Is 135645407 a composite number?
False
Is 3609133 prime?
False
Is 41211827 a prime number?
False
Is 21611927 prime?
False
Is 273266207 a composite number?
True
Is 10514159 composite?
False
Is 48886093 a prime number?
False
Is 37245839 a prime number?
False
Is 411717 a composite number?
True
Is 140111959 composite?
True
Is 18327737 composite?
True
Is 357131 prime?
True
Is 5812781 a composite number?
True
Is 1009219 a composite number?
True
Is 61674709 a composite number?
False
Is 1995907 a prime number?
False
Is 43876081 prime?
True
Is 111593611 composite?
True
Is 852953 prime?
True
Is 1436434987 prime?
False
Is 55515059 composite?
True
Is 4062077 a composite number?
False
Is 6167 a prime number?
False
Is 8735509 a composite number?
False
Is 919355 prime?
False
Is 403146521 a prime number?
False
Is 85812369 a prime number?
False
Is 1129637 composite?
True
Is 542291221 prime?
True
Is 192843587 composite?
False
Is 59980351 composite?
False
Is 46404683 composite?
True
Is 4550059 a composite number?
False
Is 21266933 prime?
False
Is 556852237 a prime number?
True
Is 2116039 a prime number?
True
Is 41781073 composite?
True
Is 148651889 composite?
False
Is 428471 a composite number?
False
Is 1130927 a composite number?
True
Is 1594673 prime?
False
Is 3544111 a composite number?
False
Is 4253057 a prime number?
True
Is 126262813 a prime number?
False
Is 6136271 a prime number?
True
Is 1290103 a composite number?
True
Is 6604991 composite?
True
Is 7891529 composite?
True
Is 57363 composite?
True
Is 20488081 prime?
False
Is 2906879 prime?
True
Is 11908613 composite?
False
Is 253231991 a composite number?
False
Is 8166643 prime?
False
Is 19582777 composite?
False
Is 31522 a composite number?
True
Is 46387 a composite number?
True
Is 306221 prime?
False
Is 109911077 a composite number?
False
Is 53146573 prime?
False
Is 572749 composite?
False
Is 2345729 a composite number?
False
Is 14131571 composite?
False
Is 3120934447 composite?
False
Is 34701805 composite?
True
Is 216577381 a prime number?
True
Is 41218085 a composite number?
True
Is 202199719 prime?
False
Is 72624967 prime?
False
Is 2598899 prime?
True
Is 69623 prime?
True
Is 51936347 a prime number?
False
Is 48984979 prime?
False
Is 10332629 a composite number?
False
Is 34130665 prime?
False
Is 144429851 prime?
False
Is 481291 prime?
False
Is 173359973 a prime number?
False
Is 52111643 a prime number?
True
Is 6835067 composite?
True
Is 112401335 prime?
False
Is 111460255 prime?
False
Is 12279497 a composite number?
False
Is 194771407 composite?
False
Is 6114989 prime?
True
Is 38914553 prime?
True
Is 246168191 a composite number?
True
Is 730313 a prime number?
False
Is 12738017 a composite number?
False
Is 48966227 composite?
True
Is 17571311 a composite number?
True
Is 47934563 a composite 